{"id":48201,"date":"2026-04-30T02:15:19","date_gmt":"2026-04-30T00:15:19","guid":{"rendered":"https:\/\/fabio.mine.nu\/?page_id=48201"},"modified":"2026-04-30T02:15:19","modified_gmt":"2026-04-30T00:15:19","slug":"odkryj-niezwykle-zroznicowana-oferte-jaka-oferuja-polskie-kasyna-gdzie-znajdziesz-szeroki-wachlarz-gier-od-najbardziej-renomowanych-dostawcow-zapewniajac-bezpieczna-rozrywke","status":"publish","type":"page","link":"https:\/\/fabio.mine.nu\/?page_id=48201","title":{"rendered":"<div style=\"position: absolute; left: -7566px;\"><p>Odkryj niezwykle zr\u00f3\u017cnicowan\u0105 ofert\u0119, jak\u0105 oferuj\u0105 <a href=\"https:\/\/kalendarzswiatnietypowych.pl\/\">polskie kasyna<\/a>, gdzie znajdziesz szeroki wachlarz gier od najbardziej renomowanych dostawc\u00f3w, zapewniaj\u0105c bezpieczn\u0105 rozrywk\u0119.<\/p><\/div>"},"content":{"rendered":"","protected":false},"excerpt":{"rendered":"","protected":false},"author":1,"featured_media":0,"parent":0,"menu_order":0,"comment_status":"closed","ping_status":"closed","template":"","meta":{"footnotes":""},"class_list":["post-48201","page","type-page","status-publish","hentry"],"_links":{"self":[{"href":"https:\/\/fabio.mine.nu\/index.php?rest_route=\/wp\/v2\/pages\/48201","targetHints":{"allow":["GET"]}}],"collection":[{"href":"https:\/\/fabio.mine.nu\/index.php?rest_route=\/wp\/v2\/pages"}],"about":[{"href":"https:\/\/fabio.mine.nu\/index.php?rest_route=\/wp\/v2\/types\/page"}],"author":[{"embeddable":true,"href":"https:\/\/fabio.mine.nu\/index.php?rest_route=\/wp\/v2\/users\/1"}],"replies":[{"embeddable":true,"href":"https:\/\/fabio.mine.nu\/index.php?rest_route=%2Fwp%2Fv2%2Fcomments&post=48201"}],"version-history":[{"count":1,"href":"https:\/\/fabio.mine.nu\/index.php?rest_route=\/wp\/v2\/pages\/48201\/revisions"}],"predecessor-version":[{"id":48203,"href":"https:\/\/fabio.mine.nu\/index.php?rest_route=\/wp\/v2\/pages\/48201\/revisions\/48203"}],"wp:attachment":[{"href":"https:\/\/fabio.mine.nu\/index.php?rest_route=%2Fwp%2Fv2%2Fmedia&parent=48201"}],"curies":[{"name":"wp","href":"https:\/\/api.w.org\/{rel}","templated":true}]}}